**2 - 3*i - 3. Determine b(x).
-18
Let p(h) = -h**3 - 13*h**2 - 14*h - 14. Let d be p(-12). Suppose -2*o + d = 2. Let a(j) = -13*j - 3*j**3 + 5*j**2 + o*j**3 + 6*j. Give a(-6).
6
Let v(f) = 2*f**2 - 3*f. Let q(n) = 2*n + 2 - 3*n - 4*n + 25. Let i be q(5). Determine v(i).
2
Let x(g) be the third derivative of -g**5/20 - g**4/8 + 10*g**2. Let j be 3 - (0 + (1 - -2)). Suppose o + 6 = 2*o + 4*v, 4*o - 3*v + 14 = j. Give x(o).
-6
Suppose 3*n = 2*r + 261, 4*r = n - 2*n - 501. Let f be r/(-54) + 4/6. Suppose 5*x - 27 = -2*t - 12, 0 = 2*x - f*t + 13. Let y(u) = -9*u**2 - u + 1. Give y(x).
-9
Let w be 4/(-6)*14/28*-3. Let u(o) = -2*o**3 - o**2. What is u(w)?
-3
Let y(z) be the second derivative of 7*z**4/12 - 17*z**2/2 + 33*z. Let s(u) be the first derivative of y(u). Calculate s(-1).
-14
Suppose 3*s - 13 - 5 = 0. Let b be 8/(-10)*(-15)/s. Let f(t) = t**2 - 2 + 0*t**2 + 1. Determine f(b).
3
Let p(d) be the second derivative of -d**3/6 + 5*d**2/2 - 312*d. What is p(8)?
-3
Let h(b) = b**3 + b**2 + b. Let p(i) = 2*i**3 - 1. Let x(v) = h(v) - p(v). Let g = 20 - 21. Let o be (g + 1)*(4/8 - 1). Give x(o).
1
Let h(g) be the first derivative of g**2/2 + 13*g - 1. Suppose -6*j + 2150 = 4*j. Let f = -224 + j. What is h(f)?
4
Let c(h) be the first derivative of h**3/3 + 5*h**2/2 + h + 1. Suppose -3*w + 20*w - 51 = 0. Suppose -2*y - 14 = -x, 0 = 4*y - w*x + 12 + 20. Determine c(y).
1
Let z(v) be the second derivative of -v**5/20 - 5*v**4/12 - v**3/6 + v**2 - 5*v + 2. What is z(-5)?
7
Let q(i) = 2*i**2 + 0*i - 10*i**2 + i**2 - i - 4*i**2. Give q(1).
-12
Let t be 0/4 + 1 - 2. Let g be (16/40)/(t*1/20). Let a(d) = d**3 + 8*d**2 + 8. What is a(g)?
8
Let x(l) be the second derivative of 10*l + 1/6*l**3 - 2*l**2 + 0. Determine x(3).
-1
Let i(d) = 6*d**3 - 12*d**2 + 20*d + 16. Let w(v) = 5*v**3 - 12*v**2 + 19*v + 15. Let a(r) = 6*i(r) - 7*w(r). Determine a(-13).
-9
Suppose 0*m - 8 = 2*m. Let s be ((-6)/m)/((-3)/(-6)). Let z(d) = -1 - 1 + d**2 + d**2 + 5*d - s*d**2. Determine z(2).
4
Let t = -27 + 23. Let l(u) = -u**2 - 1. Let z(g) = -3*g**2 + 6*g - 3. Let f be (-4 - -2)/(1/(-2)). Let a(q) = f*l(q) - z(q). Determine a(t).
7
Let q be ((-44)/20 + 4)*(-25)/(-30). Let k(y) be the second derivative of 0 + 1/12*y**4 - 2/3*y**3 - q*y**2 + 2*y. Give k(5).
2
Let u(p) = -9*p - 2. Let f(t) = t**3 - t**2 - 2*t - 2. Let d = 21 - 24. Let g(j) = j**3 + 2*j**2 - 3*j - 1. Let c be g(d). Let q be f(c). Calculate u(q).
16
Let h be (-585)/(-1950) + 47/10. Let o(n) = n**3 - 5*n**2 - 4*n + 18. Calculate o(h).
-2
Let i(y) = -y**2 + 14*y - 27. Let p be i(12). Let h be 0 - ((0 - p) + (-4)/(-4)). Let b(l) = -3 + l**2 + l - 2 + 3*l. Give b(h).
-5
Let b = 28 + -31. Let f be 27/b*2/(-4)*-2. Let k(d) = -d**2 - 10*d - 11. Determine k(f).
-2
Suppose 73 = -23*f - 42. Let g(s) = 8*s + 47. Calculate g(f).
7
Suppose 5*r - 4 + 14 = 0. Let b(u) = -14*u + 2*u**2 - u**2 + 2*u**2 + 2 - 2*u**2 + 16*u. Give b(r).
2
Let c(x) = 4*x + 13. Let f = 90 + -84. Let h(y) = 5*y + 14. Let l(s) = f*c(s) - 5*h(s). Give l(5).
3
Suppose 5*f + 9 - 17 = 4*k, 0 = 2*k - 6. Let v(m) = -3*m**2 - 2*m + 5. Give v(f).
-51
Suppose -3*m = -u + 22, 2*u + 13 + 3 = -4*m. Let r(p) = 3*p + 14. Determine r(m).
-4
Suppose -5*x = 3*w - 37, 3*w - 2*w + 4*x = 24. Suppose -w = -3*a + 5. Let v(d) = -d**3 + 2*d**2 + 3*d + 4. Calculate v(a).
4
Let k(i) be the third derivative of i**6/120 - i**5/6 - 11*i**4/24 + i**3/3 - 2*i**2. Let d be k(11). Let g(a) = -d*a + a + 1 - 5*a + a**2 + 1. Calculate g(6).
2
Suppose 16 = 11*b + 38. Let l(u) be the third derivative of -5*u**4/24 - u**3/2 + 11*u**2. What is l(b)?
7
Suppose -6*b + 13*b - 63 = 0. Let w(g) = -5*g**2 - b*g**2 + 1 + 4*g + 13*g**2. What is w(2)?
5
Let q be 33/5 - (-4)/10. Let n(g) = -5*g**2 + g + 4. Let w(d) = 16*d**2 - 4*d - 13. Let v(x) = q*n(x) + 2*w(x). Determine v(-2).
-8
Let o be (-1 - (-10)/(-6)) + 2/(-6). Let a(u) = 3*u + 2. Let y be (1/(-2))/((-7)/(-70)). Let m(g) = -2*g - 1. Let w(i) = y*m(i) - 4*a(i). Determine w(o).
3
Let q(v) = -23*v - 42. Let x(j) = -4*j - 9. Let l(y) = -2*q(y) + 11*x(y). Calculate l(8).
1
Suppose 0 = 4*a + 2*y + 8, -5*a - 4*y = -0*y + 16. Let t(j) = a*j - 2*j + 129*j**2 - 1 - 127*j**2. Determine t(2).
3
Let a(b) = -b + 7*b**2 + 81 - 72 - 2*b - b**3 + 9*b. Determine a(8).
-7
Let t(w) = -81 + 3*w + 34 + 48. Determine t(-5).
-14
Let l(a) be the first derivative of 5*a**2 - a + 1531. Let p = 2 - 1. What is l(p)?
9
Let g = 130 + -128. Let f(c) = c - 3 + 3*c + 0. Calculate f(g).
5
Let i(m) = m + 52. Let l be i(13). Let v = 63 - l. Let b(s) = s**2 + s - 1. Let k(n) = -10*n**2 - 9*n + 4. Let f(q) = 6*b(q) + k(q). Calculate f(v).
-12
Let a be 4/22 - (-1350)/198. Let d(j) = -a*j**3 - j - j**2 + 0*j + 5*j**3 - 16*j**3. Calculate d(-1).
18
Let q = 39 - 23. Let h = q - 12. Suppose -3*c + 14 = h*x, -4*c = 2*x - c - 4. Let k(i) = -i**2 + 7*i - 2. What is k(x)?
8
Let z(b) = b + 10. Let j be z(-7). Let y(t) = 8*t**j - 9*t**3 + 4 - 5*t**2 - 3*t - t. What is y(-4)?
4
Let j(c) = c - 2. Let b(q) = 15*q - 33. Let l(v) = -6*b(v) + 99*j(v). Let d be 2 - (-2 - -4)/2. What is l(d)?
9
Suppose -4*w + 3 = -5. Let m(f) = 9 + 2*f + 3*f**w - 8*f**2 + 10 - 16. Determine m(-2).
-21
Suppose 6*b - 5*b - 19 = 0. Let z = b + -17. Let x(o) = z*o - 7*o + 8*o. What is x(2)?
6
Suppose -3*i - 4*t + 5*t = 15, -3*t - 15 = i. Let h(r) be the second derivative of -r**3/3 - 3*r**2/2 - 15*r + 15. Give h(i).
9
Let t = -81 + 84. Suppose 0 = -t*a + 2*a - 2. Let n(c) = -2*c - 3 - c + 1. Calculate n(a).
4
Let n(w) = 2 - 3*w**2 + w**3 - w**3 + w**3 + 2*w - 4*w. Suppose 4*j = s - 11, j = 2*s + 4*j. Give n(s).
-4
Let w(o) be the second derivative of -o**4/12 + 2*o**3/3 - o**2 + 16*o. What is w(4)?
-2
Let c(q) = -q + 7. Let r be c(5). Let v = r + -8. Let a(y) be the third derivative of y**5/60 + y**4/3 - y**3/2 + 24*y**2. Determine a(v).
-15
Let v(g) = -2*g**2 - 4 + 375*g - 378*g + 3 + 4 + g**2. Let i = -19 - -13. Give v(i).
-15
Let w be ((-4)/10 - 0) + 48/20. Let m(q) = 7*q + 1 - 1 - w + 3. Suppose 0 = 2*o + 2 - 0. Determine m(o).
-6
Suppose 0 = -2*v - 22 + 28. Suppose -v*w = w - 20. Let x(f) = 5*f - 6. Let t(q) = -q. Let c(j) = -4*t(j) - x(j). Calculate c(w).
1
Let w(q) be the first derivative of q**2/2 + 5*q - 21. Suppose 2*a - i = -0 + 1, -2*a = -3*i - 3. What is w(a)?
5
Let w(s) be the second derivative of -3/2*s**2 + 2/3*s**3 - 7/12*s**4 + 0 - 8*s + 1/20*s**5. Determine w(6).
-15
Let c(a) be the first derivative of a**2/2 + a - 1. Suppose 0 = -9*t - 6*t - 30. Let j(q) = -8*q - 7. Let k(n) = t*j(n) - 14*c(n). Determine k(1).
2
Let a(n) = 8*n - 2. Let d(o) = -11*o + 1. Let x(t) = -4*a(t) - 3*d(t). Determine x(-5).
0
Suppose -11*d + d + 580 = 0. Let h = d - 62. Let p(a) = a - 1. What is p(h)?
-5
Let g(w) = 10*w - 15. Let s(d) = -d + 3. Let q(v) = g(v) + 5*s(v). What is q(2)?
10
Let s(r) = r**2 - 4*r - 3. Suppose -2*h - 24 = -6*h - d, 13 = h + 2*d. Determine s(h).
2
Let c(a) = 1 + 3 + 11446*a - 11453*a. Determine c(3).
-17
Let g(i) = -i**2 + 40*i - 77. Let c be g(2). Let l(q) = -40*q. What is l(c)?
40
Let j(p) = -4*p - 34. Let q = 158 + -168. Give j(q).
6
Suppose 3 = 4*x - 5*h + 9, 0 = -4*x + 2*h. Let d(w) = -11*w + 1. Give d(x).
-10
Suppose 2*x - 72 = -2*f, f - 3*x - 36 = -7*x. Suppose -5*u + 3*u = -f. Let d be (-21)/18 + 3/u. Let q(y) = 3*y - 1. Determine q(d).
-4
Let a(m) = -11*m**2 - m + 1. Let x(d) = 2*d**2 - 29*d + 15. Let f be x(14). What is a(f)?
-11
Let p(t) = -4 - 5 + 7 - 4 - t. What is p(-3)?
-3
Suppose -2*z + 4*z - a = 7, 29 = 4*z + 3*a. Let i(u) = 6 - 2*u**2 - z - 4*u**2 - 8*u**2. Give i(-1).
-13
Suppose -5*q + 18 = -2*q. Let v be q/(-21) + 60/14. Let t(b) = 6*b + 2. Give t(v).
26
Let i(m) = 4*m + 15. Let k be (-124)/44 + -4*(-2)/(-44). Determine i(k).
3
Let d(r) be the second derivative of -r**5/20 + 2*r**4/3 - 2*r**3/3 - 12*r**2 - 235*r. What is d(7)?
-3
Let d(v) = v**3 + 8*v**2 + 5*v - 6. Suppose -23*o + 14 = -25*o. Calculate d(o).
8
Suppose -110*b + 7 = -109*b. Let s(y) = -2*y**2 + 11*y - 7. Calculate s(b).
-28
Let u(c) be the second derivative of c**5/20 - c**4/2 - 2*c**3/3 - c**2/2 + 2*c + 99. What is u(7)?
20
Let m(q) = -5*q**3 + 2*q - 1. Let z(y) = -2*y**2 + 9*y + 29. Let p(l) = l**2 - 4*l - 14. Let c(s) = -5*p(s) - 3*z(s). Let o be c(9). What is m(o)?
-4
Let s(u) = -u**3 - 4*u**2 + 6. Let y be -3*